-d + 5*c + 28, -3*d + 9 = -5*d - 3*c. Let g(v) = v**2 - d*v + 2*v**3 - 11 - v**3 + 24 + 2*v. What is g(0)?
13
Let c = 114 - 114. Let v(k) = -2*k + c - k - 1 - k. Give v(2).
-9
Let t(h) be the third derivative of h**5/60 - h**4/6 - 7*h**3/6 + 4*h**2 + 1. Let d be 9 + 8/(-2) + 1. What is t(d)?
5
Suppose y = g + 1, -5*y + 3*y = 0. Let k(s) be the second derivative of -11*s**4/12 + s. Give k(g).
-11
Let w(o) = o**2 - 11*o - 7. Let k(r) = -5*r + 230. Let a be k(44). What is w(a)?
-17
Let o(u) = -u**2 - u - 9. Let j = 524 - 524. Give o(j).
-9
Suppose -2*l + g + g = 0, -3*l = 4*g - 14. Let d(h) = -5*h + 10. Let r(p) = -6*p + 13. Let w(o) = -4*d(o) + 3*r(o). Calculate w(l).
3
Let i(c) = -c**2 - c + 4. Let y(g) = 3*g**2 - 6*g + 10. Let k(s) = 2*i(s) - y(s). What is k(2)?
-14
Let g(f) be the second derivative of 4/3*f**3 - f - 1/20*f**5 + 0 + 9/2*f**2 - 5/12*f**4. Calculate g(-6).
-3
Let l(m) be the third derivative of m**5/60 + 13*m**4/24 - 3*m**3/2 + 107*m**2. What is l(-14)?
5
Let o(k) = 7*k**2 + 6 - k**2 + 3*k + 1 + k**3. Suppose -3*a = 2 - 2. Suppose -5*c - 33 = 3*d, a*d = 5*d - 4*c + 18. Calculate o(d).
-11
Let s(d) = -5*d - 16. Let p(x) = 15*x + 47. Let i(l) = -6*p(l) - 17*s(l). Let m(t) = t. Let k(q) = i(q) + 6*m(q). Calculate k(5).
-5
Let b be (-2)/11 + (-8)/(-44). Let w(j) be the second derivative of j**3/6 - 3*j**2 - 131*j + 1. Determine w(b).
-6
Let u(q) = -2*q**3 + 13*q**2 - 28*q + 7. Let v(g) = g**3 - 9*g**2 + 20*g - 5. Let l(n) = -5*u(n) - 7*v(n). Calculate l(-2).
-32
Suppose -27*s = -23*s - 8. Let w(p) = -s + 2 - 2*p - p**2 + 2 + 3. Give w(-4).
-3
Let h(g) = g**3 - 6*g**2 + 7*g - 14. Suppose 10*c + 10 = 12*c. Determine h(c).
-4
Let h be -16 - -24 - 1*4. Suppose h*d = 2*d + 10. Let a(f) = f**3 - 4*f**2 - 6*f - 3. Give a(d).
-8
Let d(j) = j**3 - 16*j**2 - 13. Suppose -22*m + 96 = -16*m. Calculate d(m).
-13
Let g(s) = s**3 + 2*s**2 + s + 2. Let v(b) = b**2 + 18*b + 11. Let d be v(-18). Suppose -2*j + 14 = 3*c + c, -4*c = -2*j + 22. Suppose l - j = -d. What is g(l)?
0
Let u(o) = -1059 + 486 + 482 + 0*o - 6*o. Give u(-15).
-1
Let f(i) = 1 + 2*i + 3 + 636*i**2 + 0*i - 3 - 623*i**2. Determine f(-1).
12
Let k(t) = -t + 45. Let h be k(43). Let b(q) = 2*q - 2. Calculate b(h).
2
Let s = 156 + -149. Suppose -a - 6 = -3*a. Let u(l) = -a + l + 4*l - 6*l + 10. Give u(s).
0
Let n be -6 - (-26 - -15) - 0. Let k(s) = 4 - 2*s**2 - 2*s**3 + 3*s**3 + 4*s + s - 4*s**2. What is k(n)?
4
Let a(m) = 7*m**3 + m**2 - 9*m - 1. Let y(u) = -11*u**3 - u**2 + 13*u + 2. Let v(h) = 8*a(h) + 5*y(h). What is v(-5)?
-13
Let n(s) = 3*s**2 - 2*s - 7. Let z(l) = -4*l**2 + l + 8. Let y(a) = 3*n(a) + 2*z(a). Let p(x) = -x - 1. Let u(r) = -2*p(r) + y(r). Give u(5).
12
Let h(f) = 5*f**2 - f**2 - 4*f**2 + 2*f**3 - 3*f**2 + 5*f**2 + 2. Calculate h(-2).
-6
Let o(p) be the third derivative of -p**6/120 - 7*p**5/30 - p**4/2 + 7*p**3/2 + 70*p**2 - 2*p. Determine o(-13).
8
Let t = 677 + -671. Let w(f) = -f**3 + 8*f**2 - 8*f - 6. Determine w(t).
18
Let q(a) = -a**2 - 4*a - 1. Let n(b) = -b**2 + 16*b - 6. Let r be n(15). Suppose 6*j = r - 33. Give q(j).
-1
Let v = -503 - -501. Let r(j) = 2*j - 1. What is r(v)?
-5
Let p(m) = -5*m - 11. Let n be 1/2*60/(-6). Let b = n - -2. Let t(o) = 2*o + 4. Let f(i) = b*p(i) - 8*t(i). Calculate f(5).
-4
Let o(n) be the second derivative of 0 + 5*n + 0*n**2 + 1/6*n**3. Give o(0).
0
Let s be ((-6)/5)/(2/10). Let a(u) be the first derivative of 5*u - 15 + 7/2*u**2 + 1/3*u**3. Determine a(s).
-1
Let i be (-4)/6 - 78/(-9). Let u be ((-20)/i - -2)*4. Let q be -1 + u - 0/(-6). Let z(n) = n + 4. What is z(q)?
1
Let g be ((-43)/2)/((-3)/(-6)*-1). Let m(q) = -g*q**2 - 12*q + 42*q**2 + q - 12. Calculate m(-9).
6
Let s(i) = 4 - 6 - 1 + 3*i. Let y(h) = h - 1. Let u(q) = 2*s(q) - 7*y(q). Suppose 3*f = -16 + 4. Calculate u(f).
5
Let t(r) = -14*r + r**2 + 17*r - 4*r. What is t(4)?
12
Let f = -67 - -49. Let b be ((-6)/(-9))/((-3)/f). Let n(a) = a**3 - 6*a**2 + 6*a - 2. What is n(b)?
-10
Let m(j) = -j**2 - 7*j + 9. Suppose i = 4*c + 24 + 5, 2*c - 4*i = -18. What is m(c)?
9
Let f = 215 - 358. Let t = 136 + f. Let b(n) = -2*n - 7. Calculate b(t).
7
Let q(j) be the third derivative of j**7/840 + j**6/180 + j**4/6 + j**3/3 + 21*j**2. Let w(h) be the first derivative of q(h). Give w(-3).
-5
Let l(m) = 13*m**2 - 21*m**2 - 2*m + 11*m**2 + 1. Let n be l(1). Let t(p) = 6 + p**2 - p**2 + 6*p - p**n. Calculate t(5).
11
Suppose -w - 17 = -3*p, -5*p + 4 = 3*w - 1. Let n be (2/4)/((10/4)/w). Let u(y) = -2*y**3 + y + 1. Calculate u(n).
2
Suppose 5*q + 61 = -5*j - 4, -j - 11 = 2*q. Let d(g) = g**3 + 17*g**2 + 32*g + 35. Calculate d(j).
5
Let n(h) = 2 - 4*h + 2*h - 6 + 0*h. Let q(c) = -5*c**2 - 32*c - 31. Let a be q(-1). Give n(a).
4
Let t(l) = -31*l**2 - 1 - 55*l + 30*l**2 + 61*l. Let n = 9 + -3. What is t(n)?
-1
Let b be 6/(-5)*(-140)/(-21). Let h = b + 9. Let o(k) = 0*k + 2*k**2 + k**3 - 7*k**2 + k - h. Calculate o(5).
4
Suppose -w + 2*w = 14. Suppose -t + w = t. Suppose -g - q - t = 4*g, -2*q = -g - 8. Let k(s) = -s**3 - 4*s**2 - 3*s - 1. Determine k(g).
-3
Let t(p) = 5*p**2 - 2*p + 1. Suppose -7*b = -11*b - 240. Let d = 62 + b. Calculate t(d).
17
Let g(x) be the third derivative of x**5/60 + 5*x**4/24 + 7*x**3/6 + 68*x**2 + 2. Give g(-3).
1
Suppose 12*g - 140 = -68. Let a(m) = m**3 - 8*m**2 + 10*m - 8. What is a(g)?
-20
Let z(n) = 4*n**2 + 23*n + 15. Let c be z(-5). Let b(h) be the first derivative of 1/2*h**2 + c*h - 4/3*h**3 - 5. Calculate b(1).
-3
Suppose -25 = 5*p, -62 = -3*a - p - 4*p. Suppose 2*y = -5*b - a, -5*b + 3*y - 33 = -14. Let c(h) = h**2 - 5. Calculate c(b).
20
Let y(c) = -3 + 1 + 4*c + c - c**2 + 1. Suppose -3*i - 7 = -4*i + j, 0 = -2*i - 2*j + 2. What is y(i)?
3
Let z(r) = r**2 + 2*r - 3. Let s(l) be the third derivative of l**5/60 - 3*l**4/8 + 2*l**3/3 - 11*l**2. Let k be s(8). Give z(k).
5
Let h be (3/4)/((-21)/(-56)). Suppose 3*g - p = 15, 0 = -2*g - p - h*p - 1. Let b(v) = -v**3 + 4*v**2 - 2*v + 5. Determine b(g).
-3
Let j(d) = -d**3 + 4*d**2 + 6*d - 3. Let c be j(5). Suppose -c*g = 2*g + 20. Let n(w) be the first derivative of -w**2/2 - 4*w - 5. Give n(g).
1
Let p(r) be the third derivative of -r**5/60 - r**4/8 - r**3/2 + 30*r**2. Suppose -10 = 2*c - 0*c. Calculate p(c).
-13
Let b(g) be the first derivative of -7*g**3/3 + g**2/2 - 220. Give b(1).
-6
Let r(u) = -7*u**3 - 14*u**2 - 2*u - 9. Let t(a) = -13*a**3 - 27*a**2 - 5*a - 17. Let s(f) = -11*r(f) + 6*t(f). Determine s(-7).
4
Let i(f) = f**2 + 5*f - 11. Let u(y) = y**2 + 8*y - 17. Let a(c) = 8*i(c) - 5*u(c). Let d(p) = 10*p**2 - 8. Let l(n) = 11*a(n) - 4*d(n). What is l(-1)?
-8
Let x(c) = 155*c**2 - c**3 + 0*c**3 + 0*c - 7*c - 1 - 163*c**2. Calculate x(-7).
-1
Let r(y) = y**3 + 7*y**2 + 4*y - 12. Suppose 3*w - 33 = 4*n, -2*n + 227*w = 230*w + 3. Give r(n).
0
Let l(r) = 6*r - 2. Let h(d) = 6*d - 3. Let z(i) = -3*h(i) + 4*l(i). Let k be 1 - 3 - 6/(-3). Suppose k = -6*u + 11*u + 5. Determine z(u).
-5
Let h(n) = -n**3 + 8*n**2 + 3*n + 2. Suppose 0 = -2*t + 2, t - 118 = 4*f - 149. Determine h(f).
26
Let j be (-90)/(-11) - 14/77. Suppose j*r + 20 = 13*r. Let p(h) = -h**2 + h + 4. What is p(r)?
-8
Let c = 1 - 7. Let q(x) = -7*x**2 - 7*x. Let v(o) = -13*o**2 - 14*o. Let b be ((-27)/(-12))/(9/(-24)). Let y(i) = b*v(i) + 11*q(i). Give y(c).
-6
Let o(t) = t + 1. Let a(m) be the second derivative of m**3/2 - 5*m**2/2 - 5*m. Let b(d) = -a(d) + 2*o(d). What is b(9)?
-2
Let b(u) = 94*u - 281. Let l be b(3). Let p(i) = 2*i + 1. Let h(w) = w. Let n(d) = 4*h(d) - p(d). Calculate n(l).
1
Let f = -5 - 1. Let y(d) be the third derivative of 0 + 9*d**2 + 1/10*d**5 - 4/3*d**3 + 1/120*d**6 + 0*d + 0*d**4. Calculate y(f).
-8
Let f(n) = -2*n - 12. Let s be f(-6). Let w(l) be the second derivative of -l**5/20 + l**4/12 - 11*l**2/2 - 5*l + 7. Calculate w(s).
-11
Let j(p) be the third derivative of -p**7/840 + p**6/72 + 3*p**5/40 - p**4/3 + 10*p**3 - 7*p**2 - p. Let t(d) be the first derivative of j(d). Determine t(6).
10
Let d(k) = -2*k**2 + 21*k - 8. Let w be d(10). Suppose m = u - 6, -23 = w*u + 6*m - m. Let v(r) = 9*r - 1. Determine v(u).
8
Let o(a) = 7*a - 46. Let r be o(6). Let d(f) = -f**2 - 4*f. Give d(r).
0
Suppose -3*b - 11*b - 14 = 0. Let i(y) = -y + 1. Let t(w) = -w + 1. Let u(p) = 5*p - 8. Let v(q) = 3*t(q) + u(q). Let z(k